s -34 - -1 - (-1393 - -1400)?
-40
Evaluate -33 + -5 + (12 - (5 + (-7 - -4))) + 2.
-26
What is the value of -45 - ((68 - -52) + -238)?
73
What is the value of -63 + -3 - (-9 - -12) - (-20 - (-3 - 14))?
-66
What is the value of 15 - (-3 - (8 + 4 + -12))?
18
Evaluate -5 + (5 - 14) - (12 - 21 - 38).
33
What is the value of (1 - 23) + (4 - 2 - 4) + (-6866 - -6869)?
-21
What is the value of (67 - 31) + -210 + 119?
-55
1712 - 1679 - (3 - (0 + -3 + -3 + 0))
24
What is 18 + (26 - 6 - 79)?
-41
-27 + (13 - -7) + -6 + 18 + -13
-8
What is the value of 45 + (-5 - 0) + -127 + 133 + (-15 - -2)?
33
-35 + 35 + (-38 - -40)
2
Calculate 1 - 23 - -3 - (215 - 43 - 195).
4
1 + 11 - (3999 - 3969)
-18
Calculate 11 + (-62 - -33 - -155 - (-1 - -11)).
127
What is (-120 - (67 + -136)) + 48?
-3
What is -11 + (22 - 29) + -2 + 20?
0
Calculate (-52 - (-2 - 0)) + (7 - (60 - 61)) + -4.
-46
11 + -44 + -6 + (8 + -2 - (16 - 1))
-48
35 - 62 - (-2 + (-135 - -15))
95
Evaluate (8 - 8 - -91) + 11 + 35 + -48.
89
312 + -330 + (-2 - (-1 + -79)) - -12
72
Evaluate -53 + -3 - (878 - 948).
14
What is the value of -2736 - -2780 - (0 - -29)?
15
What is the value of 43 + 5 + -1 - (1670 - 1686)?
63
What is the value of (52 - 1) + 2042 + -2139?
-46
Evaluate 0 - -1 - (86 + -101 + 17) - 5.
-6
What is the value of (53 - 37) + -20 - (-48 + 51 + (-1 - 28))?
22
What is the value of 119 + -52 - (-9 - -50)?
26
What is -1 - 14 - -9 - -42?
36
What is the value of (23 + -31 - (1 + -6 - 1)) + 25?
23
Evaluate 12 + (-19 + 21 - (31 + -13 + -4)).
0
What is the value of -1 - ((-217 - -212) + 3 + (-3 - -27) + 1)?
-24
Evaluate 29 - (-17 - -17) - 64.
-35
Evaluate -2 - (-113 - (-8 - 8 - (6 + -8))).
97
What is the value of 30 - 23 - (-1 + 4 - 33) - -11?
48
What is (18 - -39) + -27 - 60?
-30
Calculate -139 + (137 - (90 - 80)).
-12
What is -3 + 66 - (8 + (15 - 9)) - -7?
56
What is the value of -789 - -884 - (-1 + -16)?
112
Calculate 16 - (-35 - -51 - (21 - 1)).
20
Calculate 1048 - 954 - (-21 + 3 + -3).
115
What is 113 + -106 + (6 - (12 + -5 + -2 - -65))?
-57
Calculate -1630 - -1606 - (1 + 10).
-35
What is the value of -52 - (-105 + 167 - 67)?
-47
(20 - (-23 - (12 + -23 - -10 - 9))) + 3
36
Evaluate 9 + (-12 - (18 - (-7 + 19))).
-9
Evaluate 63 + 5 + -48 - (-14 - -2).
32
What is -55 - (-173 + (36 - -8))?
74
What is the value of 0 + -3 + -2 - (85 - (-23 + 43))?
-70
What is the value of 4 + -3 + (14 - -2) + (281 - 281)?
17
What is 20 + -9 - (4 - (-5 + 6)) - -16?
24
Calculate -23 + -40 + 124 + -28.
33
Evaluate -3 - (28 + (49 - 34)).
-46
What is 7 - -16 - 14 - (2 - 6) - -28?
41
Calculate -113 - 1 - (138 - 243).
-9
Evaluate (-12 - -15 - 35) + (1 - (4 + -15)).
-20
Evaluate 9 - (-17 + (-11 - (-13 + 1)) + -7).
32
Evaluate -25 + 27 + 24 - (30 + 52).
-56
What is the value of -107 + 107 + (1 - (8 + 0))?
-7
What is 81 + -9 + -20 + (17 - 7) + 2?
64
-73 + 0 + (-1062 - -1122)
-13
Calculate -183 - (233 - 451) - (120 + 1).
-86
What is -51 + 1 + -671 + 689 + 55?
23
What is the value of 10 - -7 - (-707 - -771)?
-47
What is the value of -69 - (-108 + 59 + -21)?
1
What is 0 + 8 + -24 - (5 - (4 + -5))?
-22
What is 11 + ((-9 - -2) + 1 - (12 - 3))?
-4
Evaluate (6 - (-7 - (-3 + -32))) + (-6 - -21) - -18.
11
(-89 - -90) + 18 + (4 - 1)
22
(-11 - 34 - -37) + -1 + 38
29
Calculate 126 + (-34 - ((39 - 11) + -29)).
93
What is the value of -55 - -108 - 27 - 66?
-40
Evaluate (-5476 - -5584) + 1 + -158.
-49
Evaluate 1 + 11 + -9 - (100 - 97).
0
What is the value of -120 - (14 - (-11 - (-47 - -22)))?
-120
Calculate (-124 - -66) + (-8 + -2 + 5 - (-15 + 4)).
-52
Evaluate -1094 - -1048 - ((2 - 2) + -20).
-26
-17 + -67 + -34 + -18
-136
What is -11 + (-23 - (-28 + -10) - (0 - -8)) + 25?
21
Evaluate 8 - (-4 + -1 - (-34 - (7 + -48))).
20
What is the value of (-461 - -455) + (-2 + 3 - 33)?
-38
What is the value of 11 + (178 - (75 - -34))?
80
What is -3 - -1 - 13 - (-1512 + 1481)?
16
12 - ((466 - 467) + (0 - -16)) - 50
-53
What is the value of 96 - 162 - (-31 - 13)?
-22
56 + -44 + (14 - 36)
-10
-19 - (-46 + 11 + 18 - -15) - -52
35
What is the value of 3 + (-28 + 20 - -3)?
-2
What is the value of -72 + (-3 - 5) + (11 - -20 - 14)?
-63
Evaluate 16 - (-17 - -25) - 8 - (-77 - (0 - -2)).
79
(19 - 54 - -11) + 46 - (16 + -1)
7
(-2 - 4) + -6 + 26 + -10 + (9 - 11)
2
What is -107 - (11 - (-110 + 126))?
-102
What is the value of -136 - (-124 + 58) - -4?
-66
23 + (12 - 66) - (32 + -5)
-58
Calculate (-2 - (1 + 11)) + -1 - (45 + -74).
14
-1 + 1 + (-840 - -824)
-16
What is the value of -8 + -2 + 21 - 12 - (0 - (49 - 4))?
44
What is the value of (18 - 16) + -6 - (-140 - -83)?
53
Evaluate -68 + 30 + -16 - -80.
26
What is 312 - 418 - (7 + -1 + -34)?
-78
What is 44 + (-10 - (13 - -6 - 12)) - (4 - 0)?
23
Calculate -66 - (-44 + 14) - -15.
-21
What is 59 + -16 + -3 + (0 - 8)?
32
(-23 - (-187 + 92)) + 16
88
What is 22 + (2 - 3 - (-874 - -833))?
62
(-77 - -4) + 59 - (-14 - 1 - 1)
2
What is the value of (11 - -7 - 23) + (54 - -11 - (-2 + 7))?
55
Calculate 23 - (-21 + (60 - -23) + -19).
-20
What is 30 + -12 - (122 - 83) - -40?
19
What is the value of -237 + 229 + 21 + -1 + (12 - -1)?
25
-7 + ((-10 - 15) + 61 - (-2 + (-2 - 0)))
33
200 + -183 + -28 + 1 + (1 - 20)
-29
Evaluate 13 - (22 + (-18 - -5) - (22 - 0)).
26
What is the value of 6 - (205 - 306) - (-2 + 1 - -21)?
87
Calculate 33 + -6 + 58 + -69.
16
Evaluate 5 - ((82 - 67) + -24).
14
What is the value of 3 + -1 + -61 + 51 - 40?
-48
Evaluate (-32 - (-70 - -14 - -6)) + -105.
-87
What is 8 - (15 + (-11 - -3) - 8) - (-182 + 328)?
-137
What is (13 + 1 + 14 - 15) + (5 - -7)?
25
Calculate -75 + (-18 + -2 - (297 - 335)).
-57
Evaluate -1 + -5 + (2 - 35 - (-408 + 391)).
-22
What is the value of 3 - 38 - (52 + -26)?
-61
Evaluate (33 - 19) + 37 - (-2 - (-3 - -1 - 4)).
47
What is 41 + (17 - (-48 + 104))?
2
Evaluate (153 - 152 - (4 + 1 + 2)) + -8.
-14
Evaluate (15 - (-4 - (-14 - 17))) + 3 + -7.
-16
What is (-1 - -119) + (-190 - -136)?
64
Calculate 0 - (-7 + 11 + 2 - 14) - (6 + -16).
18
-28 + (74 - 124 - (-11 + -4))
-63
What is 83 + -224 + 102 - (1 + -1 + -14)?
-25
Calculate 19 + 11 - (11 - (1 + -9 + 2)).
13
What is the value of 0 - 46 - (-1 + (-13 - -19) - 18)?
-33
Calculate 38 - (-2 + -6) - 15.
31
(-5 + -82 - -3) + -7 + 41 + -29 + -3
-82
What is the value of (-8 - (30 - 17)) + -13 - -137?
103
10 + 130 + 72 + -91 - ((-3 - -5) + 2)
117
196 + -247 + 46 + -11
-16
Calculate (-4 - 11) + (9 - (-14 + 35)) + 104.
77
What is the value of -11 - (84 + (-189 - -71))?
23
What is -39 + (85 - (16 + -4 + 2))?
32
What is -47 + (-74 - -109 - 14)?
-26
Evaluate 1 + -9 + (-4779 - -4768).
-19
Calculate (-8 - -6) + -10 + 23 - -11.
22
(14 + -51 - -6) + 26
-5
Calculate -82 + (-9 - -22 - -2) + (10 - -3).
-54
Evaluate 31 - (24 - (13 + 48) - 3).
71
What is the value of ((-117 - -15) + -33 - -11) + -11?
-135
What is the value of -60 - (4 + (-176 - -63))?
49
Evaluate 25 + -26 + 39 + -2 + -10.
26
What is -18 + -34 + (11 - (-4 - (1 - 18)))?
-54
Evaluate -12 + -59 + 22 - (-9 - -26).
-66
Evaluate 1 - 3 - 3 - (13 - (13 - -29)).
24
Calculate -16 + (-142 - -1) + 78.
-79
What is the value of -53 - (34 - (-12 + -8 - -43))?
-64
-259 - -241 - (-1 - -48)
-65
Calculate -8 + (-18 - (89 + -88 + (11 - 0))).
-38
What is (17 - (-3 - (-9 + 6 + (-1 - 15)))) + 130?
131
What is the value of (141 - 237) + -17 + 22?
-91
4 + ((-19 - -45) + -22 + 1 + -4 - 43)
-38
Calculate 60 + -16 + -28 - 55.
-39
What is the value of -17 + (-2 + -5 - -26) - 30?
-28
-7 - -46 - (-583 + 551)
71
What is -5 + -40 + 77 + 145 + -41?
136
What is the value of -11 + (-19 - (-7 - 9 - (-12 + 9)))?
-17
What is -37 + 57 + (-69 - (23 + -70))?
-2
Calculate -7 + 20 + (-41 - -36 - (-10 - 3 - 95)).
116
What is (-12 - -26) + 28 + -31 - (119 - -9)?
-117
Calculate (-35 - -12 - 36) + 38.
-21
What is -72 + (-10 - 22 - -43) + (-6 - -2)?
-65
What is the value of -4 + (8 + 26 - 9) - -20?
41
What is (-2 - -102) + (-2 - -2) - (280 + (9 - 291))?
102
What is -25 - -6 - -26 - 45 - 17?
-55
What is (-102 - -88 - (-3 + 57)) + (4 - -3)?
-61
What is the value of 2 + (0 - (-2 - -12)) + 133 + -71 + -53?
1
57 - (50 + (34 - 1))
-26
Calculate 77 + (40 - (-16 + 36) - 41) + 18.
74
What is the value of -1 - (18 - (50 + -21 - 3))?
7
Calculate (27 + (-87 - -28) - (-2 + 1)) + (-7 - 1).
-39
What is 24 + 8 + -46 + (28 - 0)?
14
Calculate (-10 + 9 - 6 - -18) + 21 + -9 + 5.
28